of 3477?
7
What is the tens digit of 1003?
0
What is the hundreds digit of 536?
5
What is the hundreds digit of 11739?
7
What is the tens digit of 579?
7
What is the hundreds digit of 684?
6
What is the thousands digit of 5349?
5
What is the thousands digit of 7629?
7
What is the hundreds digit of 3030?
0
What is the tens digit of 704?
0
What is the units digit of 81091?
1
What is the units digit of 1648?
8
What is the tens digit of 7816?
1
What is the tens digit of 2086?
8
What is the thousands digit of 88119?
8
What is the ten thousands digit of 21006?
2
What is the thousands digit of 8521?
8
What is the tens digit of 4361?
6
What is the tens digit of 2471?
7
What is the hundreds digit of 14156?
1
What is the hundreds digit of 453?
4
What is the tens digit of 1801?
0
What is the tens digit of 130?
3
What is the tens digit of 9608?
0
What is the ten thousands digit of 28199?
2
What is the thousands digit of 1258?
1
What is the hundred thousands digit of 118428?
1
What is the hundreds digit of 21146?
1
What is the hundreds digit of 77914?
9
What is the hundreds digit of 929?
9
What is the hundreds digit of 483?
4
What is the hundreds digit of 717?
7
What is the thousands digit of 5176?
5
What is the tens digit of 21447?
4
What is the ten thousands digit of 10078?
1
What is the units digit of 2156?
6
What is the tens digit of 3640?
4
What is the hundreds digit of 9424?
4
What is the units digit of 40507?
7
What is the thousands digit of 97525?
7
What is the tens digit of 18996?
9
What is the tens digit of 2584?
8
What is the tens digit of 5438?
3
What is the thousands digit of 4262?
4
What is the thousands digit of 47839?
7
What is the hundreds digit of 155000?
0
What is the units digit of 637?
7
What is the tens digit of 34837?
3
What is the thousands digit of 1108?
1
What is the hundreds digit of 67641?
6
What is the tens digit of 6623?
2
What is the units digit of 2572?
2
What is the hundreds digit of 2347?
3
What is the units digit of 6228?
8
What is the ten thousands digit of 154755?
5
What is the thousands digit of 29605?
9
What is the ten thousands digit of 43911?
4
What is the tens digit of 1268?
6
What is the hundreds digit of 3730?
7
What is the units digit of 3224?
4
What is the units digit of 1503?
3
What is the thousands digit of 1616?
1
What is the ten thousands digit of 117171?
1
What is the units digit of 6947?
7
What is the ten thousands digit of 10036?
1
What is the thousands digit of 10015?
0
What is the ten thousands digit of 10545?
1
What is the thousands digit of 3360?
3
What is the units digit of 551?
1
What is the hundreds digit of 443?
4
What is the hundreds digit of 75272?
2
What is the tens digit of 582?
8
What is the hundreds digit of 1036?
0
What is the thousands digit of 8435?
8
What is the hundreds digit of 9363?
3
What is the units digit of 5800?
0
What is the hundreds digit of 875?
8
What is the thousands digit of 2067?
2
What is the tens digit of 827?
2
What is the thousands digit of 8717?
8
What is the tens digit of 17282?
8
What is the hundreds digit of 9868?
8
What is the tens digit of 13789?
8
What is the ten thousands digit of 19225?
1
What is the tens digit of 9696?
9
What is the thousands digit of 33514?
3
What is the hundreds digit of 1041?
0
What is the tens digit of 5370?
7
What is the units digit of 1263?
3
What is the units digit of 1817?
7
What is the tens digit of 27050?
5
What is the thousands digit of 13946?
3
What is the units digit of 5291?
1
What is the ten thousands digit of 88735?
8
What is the units digit of 67391?
1
What is the tens digit of 89918?
1
What is the hundreds digit of 619?
6
What is the thousands digit of 6163?
6
What is the units digit of 132?
2
What is the ten thousands digit of 66757?
6
What is the units digit of 9502?
2
What is the hundreds digit of 25821?
8
What is the hundreds digit of 27922?
9
What is the thousands digit of 20247?
0
What is the thousands digit of 3812?
3
What is the units digit of 734?
4
What is the units digit of 54381?
1
What is the thousands digit of 34957?
4
What is the tens digit of 27341?
4
What is the units digit of 1424?
4
What is the tens digit of 73462?
6
What is the hundreds digit of 49520?
5
What is the tens digit of 564?
6
What is the hundreds digit of 1702?
7
What is the thousands digit of 14311?
4
What is the hundreds digit of 3774?
7
What is the hundreds digit of 1854?
8
What is the units digit of 9690?
0
What is the units digit of 58288?
8
What is the ten thousands digit of 12186?
1
What is the units digit of 108?
8
What is the units digit of 696?
6
What is the hundreds digit of 5687?
6
What is the thousands digit of 88515?
8
What is the tens digit of 9758?
5
What is the units digit of 14118?
8
What is the hundreds digit of 79999?
9
What is the units digit of 24167?
7
What is the hundreds digit of 2988?
9
What is the tens digit of 2255?
5
What is the tens digit of 12655?
5
What is the hundreds digit of 20501?
5
What is the units digit of 85738?
8
What is the units digit of 1219?
9
What is the tens digit of 346?
4
What is the units digit of 6580?
0
What is the hundreds digit of 7241?
2
What is the ten thousands digit of 202435?
0
What is the hundreds digit of 4560?
5
What is the ten thousands digit of 28121?
2
What is the thousands digit of 30090?
0
What is the thousands digit of 3386?
3
What is the hundreds digit of 16233?
2
What is the tens digit of 9225?
2
What is the tens digit of 271?
7
What is the thousands digit of 21495?
1
What is the tens digit of 5436?
3
What is the tens digit of 5435?
3
What is the tens digit of 2640?
4
What is the thousands digit of 19422?
9
What is the hundreds digit of 2213?
2
What is the thousands digit of 43949?
3
What is the hundreds digit of 46132?
1
What is the thousands digit of 1067?
1
What is the units digit of 57832?
2
What is the units digit of 27709?
9
What is the units digit of 523?
3
What is the tens digit of 33242?
4
What is the units digit of 97761?
1
What is the ten thousands digit of 74269?
7
What is the hundreds digit of 101344?
3
What is the tens digit of 682?
8
What is the thousands digit of 151184?
1
What is the units digit of 3912?
2
What is the hundreds digit of 407?
4
What is the thousands digit of 5315?
5
What is the thousands digit of 2923?
2
What is the tens digit of 743?
4
What is the tens digit of 309?
0
What is the units digit of 18343?
3
What is the tens digit of 2167?
6
What is the hundreds digit of 22234?
2
What is the units digit of 1790?
0
What is the units digit of 2595?
5
What is the units digit of 3639?
9
What is the hundreds digit of 1315?
3
What is the hundreds digit of 4900?
9
What is the units digit of 2310?
0
What is the units digit of 632?
2
What is the tens digit of 2318?
1
What is the thousands digit of 4737?
4
What is the units digit of 1949?
9
What is the units digit of 53?
3
What is the hundreds digit of 625?
6
What is the tens digit of 116330?
3
What is the units digit of 5284?
4
What is the thousands digit of 7006?
7
What is the tens digit of 175?
7
What is the units digit of 703?
3
What is the thousands digit of 2095?
2
What is the tens digit of 1048?
4
What is the thousands digit of 5288?
5
What is the hundreds digit of 134?
1
What is the units digit of 25464?
4
What is the units digit of 37084?
4
What is the thousands digit of 2021?
2
What is the units digit of 453?
3
What is the thousands digit of 2038?
2
What is the units digit of 6?
6
What is the units digit of 770?
0
What is the ten thousands digit of 41864?
4
What is the ten thousands digit of 26527?
2
What is the tens digit of 3379?
7
What is the hundreds digit of 8756?
7
What is the thousands digit of 3481?
3
What is the ten thousands digit of 24631?
2
What is the thousands digit of 1979?
1
What is the thousands digit of 4640?
4
What is the hundreds digit of 1741?
7
What is the tens digit of 309?
0
What is the thousands digit of 8264?
8
What is the thousands digit of 4901?
4
What is the ten thousands digit of 32531?
3
What is the units digit of 34206?
6
What is the tens digit of 3041?
4
What is the units digit of 9677?
7
What is the hundreds digit of 3472?
4
What is the ten thousands digit of 40409?
4
What is the thousands digit of 2924?
2
What is the hundreds digit of 197?
1
What is the unit